-4*n + h. What are the prime factors of n?
2, 5
Suppose 0 = 2*z + 2*z - 156. Let f be (-130)/z*12/(-10). Suppose f*s + 7 = 47. What are the prime factors of s?
2, 5
Suppose -5*f + 4*p = -15, 15 = 2*f + 3*f - p. Suppose -f*h - 52 = -2*k, -4*k = 5*h + 33 + 17. Let q = h - -31. List the prime factors of q.
17
Let i be (-4)/(-5)*(-5)/2. Let r be i*(-3)/(-12)*0. Suppose -5 + r = -y. List the prime factors of y.
5
Suppose -6*m + 2931 = -2061. List the prime factors of m.
2, 13
Let q = -86 - -125. Suppose -2*w + 105 + q = 0. List the prime factors of w.
2, 3
Suppose -s + 1127 = 2*q, -q + 83 + 498 = 4*s. What are the prime factors of q?
3, 11, 17
What are the prime factors of 10684/30 + 50/(-375)?
2, 89
Suppose -27 = -3*a - y - 1, 4*a - 38 = -2*y. Suppose 5*d = 8 + a. Suppose -d*g + 100 = 22. What are the prime factors of g?
2, 13
Suppose 2*q + 3*x - x = 4, -5*x = -25. Let g(r) = -35*r - 35*r - 4 + 68*r. List the prime factors of g(q).
2
Let g(w) = -w**2 - 6*w + 8. Let x be g(-6). Suppose 5*s - p = p + x, 2*s - 4*p = 0. Suppose 4*u = 0, s*a - u = 24 + 26. List the prime factors of a.
5
Let x = 281 + -9. What are the prime factors of x?
2, 17
Suppose 2*q - 510 = -2*s + 492, -4*q + 2007 = 3*s. Suppose z - 5*m - 267 = -z, -4*z + 4*m = -q. What are the prime factors of z?
11
Let p be (-7 - 30/(-3))*7/3. Suppose p*o = 20*o - 2015. What are the prime factors of o?
5, 31
Suppose 3*q - 16 = -p, 4*p - q - 20 = -2*q. Suppose 77 = p*v - 67. Let h = v - 24. List the prime factors of h.
2, 3
Let l = -2115 + 3854. List the prime factors of l.
37, 47
Let a(w) = -10*w - 51. Let r be a(-24). Suppose 8*d - 891 = r. List the prime factors of d.
3, 5
Let i = 21 + -24. Let d(u) be the third derivative of u**5/15 + u**4/12 - u**3/6 - 2*u**2. What are the prime factors of d(i)?
29
Suppose 0*v - 4*v = -8, 3*m + v = 2630. Suppose -t = 3*t - m. List the prime factors of t.
3, 73
Suppose 0 = 4*s - 510 - 506. Suppose 3*j = 2*f + 376, -5*f = -2*j - 2*f + s. What are the prime factors of j?
2, 31
Let s = 7 + -1. Suppose v = -7*l + 3*l - s, -v = -3*l - 22. Suppose -j - 37 = -6*j - c, v = 2*j + 2*c. What are the prime factors of j?
2
Let p = 72 - 15. Let q = 19 + p. List the prime factors of q.
2, 19
Let v(a) = 3*a - 12. Let q(p) = p**2 - 3*p - 4. Let i be q(5). Let s be v(i). What are the prime factors of (s/(-15))/((-1)/85)?
2, 17
Let h(u) = u**3 - 3*u**2 - 2*u + 8. Suppose 0 - 12 = -3*f. What are the prime factors of h(f)?
2
Let g(u) = 32*u - 30. Let a be g(9). Suppose 94 = 4*p - a. What are the prime factors of p?
2, 11
Let a = 204 - -1190. List the prime factors of a.
2, 17, 41
Suppose 0 = -15*c - 20 + 50. Suppose 3*u = z - 232, c*z - 430 - 70 = -3*u. List the prime factors of z.
2, 61
Let z(t) = -3*t**3 + 13*t**2 + 3*t + 14. List the prime factors of z(-6).
2, 139
Suppose 2*c - 2 = c. Suppose c*t + t - 69 = 0. Suppose 59 = 2*j - t. What are the prime factors of j?
41
Let i be (-1)/(-4)*0/35. Let y be 218*2/(3 + 1). Suppose 0 = 5*z - z + c - y, i = -2*z + c + 59. List the prime factors of z.
2, 7
Let z = 14 - 3. Suppose z*s - 326 = 9*s. Suppose 3*p + x - 242 = 0, 0 = 2*p - x + 2*x - s. List the prime factors of p.
79
Suppose 0 = 4*x - 107 - 1. Suppose -x = -2*l + 21. What are the prime factors of l?
2, 3
Let z(m) = m**3 + 18*m**2 - 22*m + 23. List the prime factors of z(-14).
5, 223
Suppose 0 = 2*r + 3*r. Suppose 0 = t + 3*t + 5*m - 800, -4*t + m + 800 = r. Suppose 5*p + t = 4*w, -w - 3*p + 67 = -0*p. List the prime factors of w.
5, 11
Let y(z) = -53*z + 19. Let w(s) = 26*s - 10. Let u(b) = 7*w(b) + 3*y(b). List the prime factors of u(6).
5
What are the prime factors of (2/(40/(-28)))/(5/(-4925))?
7, 197
Let i = 6 + -4. Let g = i + 37. List the prime factors of g.
3, 13
Let m(j) be the first derivative of j**2/2 - 9*j + 3. Let y be m(5). Let c(z) = z**2 - 3*z - 2. What are the prime factors of c(y)?
2, 13
Let c(x) = -x + 5. Let d be c(0). Suppose -9 = -3*n + 3*v, n - 4*v = -0*v - 6. Suppose -21 = -n*r + d*r. What are the prime factors of r?
3, 7
Suppose -d - 1 = -13. Suppose -d = -2*o + 102. Let t = -38 + o. What are the prime factors of t?
19
Suppose 378 - 1024 = -2*m + 5*z, 5*z = -4*m + 1322. Let w = -203 + m. What are the prime factors of w?
5
Suppose -45*d = -21*d - 2376. What are the prime factors of d?
3, 11
Let c(m) = 15 + 2*m**2 - m**2 - 17 + 16*m. List the prime factors of c(-17).
3, 5
List the prime factors of (-4309)/(-4) - (-34)/(-136).
3, 359
Let b = 10 + 3. Suppose -b = -8*f + 7*f. What are the prime factors of f?
13
Let d = -158 - -348. What are the prime factors of d?
2, 5, 19
Let t = -5700 - -8318. List the prime factors of t.
2, 7, 11, 17
Let m(z) = 2*z**2 + z + 4. Let d be 1/(-2)*((-4 - -11) + -3). List the prime factors of m(d).
2, 5
Let x(n) = n**3 - 6*n**2 - 7*n + 1. Let z be x(7). Let t = z - -1. Suppose b - 4*u - 19 = -2*b, 4*b - t*u - 42 = 0. What are the prime factors of b?
13
Let v be 2/((12/8)/(-3)) - -110. List the prime factors of (v/3 - 2)/((-18)/(-81)).
2, 3, 5
Let k = -2344 + 3910. List the prime factors of k.
2, 3, 29
Suppose -34 = -5*a - 14. Suppose -131 - 129 = -a*p. Suppose -5*j = 3*l - p, -4*j + 4*l - 3 = -87. What are the prime factors of j?
2
Let i(u) = -u + 1. Let a be i(1). Suppose -2*z - 5 = -5*d + 3*z, -5*d + z + 17 = a. List the prime factors of d.
2
Let j(i) = i**2 - 3*i + 3. Let s be j(2). What are the prime factors of -3 + 46 + (s + -2)*-3?
2, 23
Suppose -7*y = -33*y + 25038. List the prime factors of y.
3, 107
Let z = 239 - 202. What are the prime factors of z?
37
Let m be (-30)/(-8)*(-32)/(-12). Let f(b) = -b**3 + b**2 + 5. Let l be f(0). Let v = l + m. List the prime factors of v.
3, 5
Let o = 104 - 80. Suppose 69 - o = h. List the prime factors of h.
3, 5
Suppose 4*h - 21 = -4*j - j, -h = 3*j - 7. Suppose -198 = -h*w + 502. What are the prime factors of w?
5, 7
Let w = -49 + 47. List the prime factors of ((-2)/2*w)/((-2)/(-24)).
2, 3
Let w(t) = -190*t - 543. What are the prime factors of w(-7)?
787
Suppose -9*b = 8*b - 4403. List the prime factors of b.
7, 37
Let y(a) = 6*a + 35. Let q(x) = x**2 + 4*x + 16. Let i be q(-4). What are the prime factors of y(i)?
131
Let v(t) = -2*t - 23. Let g be v(-18). Suppose -9*u - 332 = -g*u. List the prime factors of u.
83
Let x be (-6)/27 + (-362)/(-9). Let t be (-2)/(-4) - (-625)/10. Let h = t - x. List the prime factors of h.
23
List the prime factors of 10064/6*(-108)/(-72).
2, 17, 37
Suppose -5*k - 5*p + 2833 + 1307 = 0, 5*p + 1635 = 2*k. What are the prime factors of k?
3, 5, 11
Let c(y) = 2*y - 26. Let o be c(13). Suppose o = -4*t - 12, -x + 24 = -t - 258. List the prime factors of x.
3, 31
Suppose 0 = -5*a + 5*h + 40, -28 = -a - 0*a - 4*h. Let b(t) = 5*t + 19. Let p be b(a). Suppose n + 14 - p = 0. List the prime factors of n.
5, 13
Let y be 4 - (1 - 0) - -79. Let m = 119 - y. What are the prime factors of m?
37
Suppose -3*i - 4*o + 342 = 0, 0*o + 3*o = i - 114. Suppose 2*n - i = -n. List the prime factors of n.
2, 19
What are the prime factors of (82/(-2))/(-1*16/1360)?
5, 17, 41
Let r = 4 - 1. Suppose -r*n - 2 + 45 = -2*l, 35 = 5*n + 4*l. What are the prime factors of ((-4)/(-6))/(n/132)?
2
Let p = 283 - 211. List the prime factors of p.
2, 3
Suppose 0 = -5*g + 1 - 6. Suppose -3*v - 6 - 89 = 5*x, -5*v = 5*x + 175. What are the prime factors of (v - g)/(6/(-4))?
2, 13
Let t(w) = 11*w**2 + 24*w + 258. List the prime factors of t(-10).
2, 13, 43
Let o(m) = -3*m**2 - 3*m + 10. Let c be o(4). Let d = c + 114. List the prime factors of d.
2
Suppose 16 = 5*y - y. Let k be 2*(-3 + y + 2). What are the prime factors of ((-4)/k)/((-2)/60)?
2, 5
Let p(s) be the second derivative of s**4/12 + 2*s**3/3 - 2*s**2 - 4*s. Let r be p(-5). What are the prime factors of ((-11)/4)/(r/(-4))?
11
Suppose -5*y + 3*z = -2*z + 15, -z = 4*y - 13. Suppose -y*b - 308 = -6*b. List the prime factors of b.
7, 11
Let o = 280 - -655. List the prime factors of o.
5, 11, 17
Let r = -13 + 18. Let q = r - 1. Suppose -2*g = -q*g + 12. What are the prime factors of g?
2, 3
Let k(d) = -d**2 + 7*d + 5. Let r be k(7). What are the prime factors of 23/5*(r + 4 + -4)?
23
Suppose 0 = -2*o - 4*w + 2096, 0 = -5*w - 8 - 7. What are the prime factors of o?
2, 17, 31
Suppose -2*j = -6*j - 8. Let y(d) = -40*d - 12. List the prim